its digit of 80493?
3
What is the thousands digit of 469536?
9
What is the tens digit of 9038965?
6
What is the ten millions digit of 16135376?
1
What is the units digit of 28211094?
4
What is the hundreds digit of 526486?
4
What is the ten thousands digit of 664537?
6
What is the hundred thousands digit of 4692315?
6
What is the hundred thousands digit of 430066?
4
What is the millions digit of 2952577?
2
What is the ten millions digit of 11761761?
1
What is the hundred thousands digit of 8804177?
8
What is the units digit of 85239?
9
What is the tens digit of 3537361?
6
What is the hundreds digit of 168978?
9
What is the units digit of 1832781?
1
What is the hundreds digit of 201340?
3
What is the thousands digit of 16559176?
9
What is the tens digit of 8473381?
8
What is the thousands digit of 21681754?
1
What is the tens digit of 32070443?
4
What is the hundreds digit of 328254?
2
What is the hundreds digit of 63812?
8
What is the hundreds digit of 3291731?
7
What is the hundred thousands digit of 705759?
7
What is the hundred thousands digit of 310963?
3
What is the hundred thousands digit of 1469354?
4
What is the ten thousands digit of 1108698?
0
What is the tens digit of 126617?
1
What is the tens digit of 9060726?
2
What is the units digit of 18940303?
3
What is the hundreds digit of 1245016?
0
What is the ten thousands digit of 7627793?
2
What is the hundred thousands digit of 238050?
2
What is the ten thousands digit of 62908?
6
What is the units digit of 100724?
4
What is the tens digit of 70219?
1
What is the units digit of 220768?
8
What is the units digit of 21442?
2
What is the hundred thousands digit of 1101411?
1
What is the thousands digit of 84562?
4
What is the thousands digit of 1948057?
8
What is the ten thousands digit of 41435524?
3
What is the thousands digit of 22760139?
0
What is the tens digit of 870652?
5
What is the ten thousands digit of 2892253?
9
What is the thousands digit of 205203?
5
What is the tens digit of 1354597?
9
What is the ten thousands digit of 10046814?
4
What is the millions digit of 13217389?
3
What is the hundreds digit of 148780?
7
What is the ten thousands digit of 249217?
4
What is the hundreds digit of 172852?
8
What is the hundreds digit of 1728721?
7
What is the tens digit of 22222559?
5
What is the units digit of 2502813?
3
What is the tens digit of 195449?
4
What is the tens digit of 425588?
8
What is the ten thousands digit of 96126?
9
What is the millions digit of 18081285?
8
What is the tens digit of 126410?
1
What is the thousands digit of 12901400?
1
What is the thousands digit of 39694649?
4
What is the units digit of 272372?
2
What is the tens digit of 6235569?
6
What is the thousands digit of 7912730?
2
What is the thousands digit of 1862747?
2
What is the thousands digit of 177412?
7
What is the units digit of 2646685?
5
What is the hundred thousands digit of 445194?
4
What is the tens digit of 10130990?
9
What is the units digit of 720605?
5
What is the hundreds digit of 20321?
3
What is the millions digit of 18596848?
8
What is the hundreds digit of 1647989?
9
What is the hundreds digit of 1656?
6
What is the thousands digit of 5078387?
8
What is the hundreds digit of 581592?
5
What is the ten thousands digit of 6479168?
7
What is the tens digit of 19328593?
9
What is the hundreds digit of 1494802?
8
What is the tens digit of 280832?
3
What is the thousands digit of 1987598?
7
What is the units digit of 218629?
9
What is the millions digit of 1578598?
1
What is the tens digit of 121830?
3
What is the hundred thousands digit of 1684879?
6
What is the tens digit of 3431315?
1
What is the tens digit of 1898378?
7
What is the hundreds digit of 717715?
7
What is the tens digit of 1085291?
9
What is the thousands digit of 289623?
9
What is the hundred thousands digit of 110547?
1
What is the ten thousands digit of 1974022?
7
What is the units digit of 244272?
2
What is the hundreds digit of 6553431?
4
What is the hundreds digit of 2664300?
3
What is the tens digit of 5087469?
6
What is the millions digit of 1393865?
1
What is the hundreds digit of 1502529?
5
What is the units digit of 2595828?
8
What is the tens digit of 5837421?
2
What is the millions digit of 18721433?
8
What is the ten thousands digit of 149078?
4
What is the units digit of 1092265?
5
What is the millions digit of 7572614?
7
What is the hundred thousands digit of 616471?
6
What is the units digit of 7399721?
1
What is the hundred thousands digit of 8166918?
1
What is the ten thousands digit of 592989?
9
What is the thousands digit of 1142512?
2
What is the hundreds digit of 6032376?
3
What is the tens digit of 802952?
5
What is the ten thousands digit of 9157367?
5
What is the units digit of 150696?
6
What is the hundred thousands digit of 735925?
7
What is the hundreds digit of 13166727?
7
What is the tens digit of 265375?
7
What is the millions digit of 3709916?
3
What is the units digit of 4683183?
3
What is the hundred thousands digit of 683094?
6
What is the thousands digit of 2864254?
4
What is the thousands digit of 54347?
4
What is the hundreds digit of 598050?
0
What is the tens digit of 1684056?
5
What is the hundred thousands digit of 5366812?
3
What is the ten thousands digit of 11028359?
2
What is the millions digit of 7331339?
7
What is the hundreds digit of 1767238?
2
What is the ten thousands digit of 2923899?
2
What is the units digit of 3495666?
6
What is the ten millions digit of 15238631?
1
What is the units digit of 230262?
2
What is the thousands digit of 214492?
4
What is the tens digit of 86736?
3
What is the units digit of 1915153?
3
What is the hundreds digit of 22595782?
7
What is the thousands digit of 225196?
5
What is the ten thousands digit of 574656?
7
What is the hundreds digit of 798872?
8
What is the ten thousands digit of 4234956?
3
What is the tens digit of 1730276?
7
What is the tens digit of 6433962?
6
What is the thousands digit of 4257027?
7
What is the millions digit of 32144180?
2
What is the hundred thousands digit of 264043?
2
What is the hundred thousands digit of 3086042?
0
What is the units digit of 7338700?
0
What is the tens digit of 501664?
6
What is the units digit of 818440?
0
What is the hundreds digit of 384844?
8
What is the ten thousands digit of 919958?
1
What is the units digit of 43685?
5
What is the ten millions digit of 15474119?
1
What is the ten thousands digit of 326739?
2
What is the units digit of 1814817?
7
What is the ten thousands digit of 13770624?
7
What is the ten thousands digit of 2254945?
5
What is the hundreds digit of 56841?
8
What is the ten thousands digit of 386719?
8
What is the hundreds digit of 201180?
1
What is the hundred thousands digit of 4542526?
5
What is the tens digit of 452903?
0
What is the thousands digit of 111748?
1
What is the thousands digit of 2228507?
8
What is the units digit of 289780?
0
What is the ten millions digit of 13461518?
1
What is the thousands digit of 1786135?
6
What is the thousands digit of 10118430?
8
What is the thousands digit of 3674587?
4
What is the units digit of 189342?
2
What is the ten millions digit of 17126205?
1
What is the thousands digit of 655526?
5
What is the hundred thousands digit of 1073501?
0
What is the hundreds digit of 322196?
1
What is the hundred thousands digit of 5170394?
1
What is the tens digit of 9030785?
8
What is the hundreds digit of 447278?
2
What is the units digit of 6132446?
6
What is the hundreds digit of 6523331?
3
What is the tens digit of 496126?
2
What is the tens digit of 122364?
6
What is the tens digit of 5898648?
4
What is the millions digit of 2173384?
2
What is the tens digit of 9495044?
4
What is the ten thousands digit of 402256?
0
What is the hundreds digit of 436329?
3
What is the thousands digit of 359640?
9
What is the hundred thousands digit of 142405?
1
What is the hundred thousands digit of 4994552?
9
What is the thousands digit of 231824?
1
What is the millions digit of 10756759?
0
What is the thousands digit of 228632?
8
What is the hundred thousands digit of 1360925?
3
What is the ten thousands digit of 163623?
6
What is the tens digit of 6766253?
5
What is the units digit of 11092369?
9
What is the hundred thousands digit of 1487